late the remainder when 9196420 is divided by 91.
51
What is the remainder when 528354 is divided by 36?
18
What is the remainder when 506755 is divided by 388?
27
Calculate the remainder when 12755162 is divided by 6377571.
20
Calculate the remainder when 119795 is divided by 393.
323
Calculate the remainder when 42737318 is divided by 6.
2
Calculate the remainder when 172910 is divided by 172804.
106
What is the remainder when 4485 is divided by 2621?
1864
What is the remainder when 147322 is divided by 1586?
1410
Calculate the remainder when 2821546 is divided by 313502.
28
What is the remainder when 694584 is divided by 7235?
24
What is the remainder when 32073834 is divided by 6414755?
59
Calculate the remainder when 2657280 is divided by 115532.
44
Calculate the remainder when 18913985 is divided by 9102.
29
What is the remainder when 79672085 is divided by 3700?
3685
Calculate the remainder when 46020141 is divided by 34472.
21
What is the remainder when 40760767 is divided by 1858?
1821
Calculate the remainder when 2196939 is divided by 1017.
219
What is the remainder when 31824811 is divided by 208?
187
What is the remainder when 23743402 is divided by 4317?
4219
Calculate the remainder when 95221 is divided by 6155.
2896
Calculate the remainder when 12289346 is divided by 27.
26
What is the remainder when 299275 is divided by 190?
25
What is the remainder when 17111 is divided by 6232?
4647
What is the remainder when 603517 is divided by 460?
457
Calculate the remainder when 809482 is divided by 202350.
82
What is the remainder when 4984909 is divided by 276939?
7
Calculate the remainder when 1372403 is divided by 843.
842
What is the remainder when 175768 is divided by 10910?
1208
Calculate the remainder when 913784 is divided by 2086.
116
Calculate the remainder when 543199 is divided by 28.
27
What is the remainder when 9241887 is divided by 1875?
12
What is the remainder when 19189 is divided by 18909?
280
Calculate the remainder when 10626 is divided by 10606.
20
Calculate the remainder when 385362 is divided by 27428.
1370
What is the remainder when 1440630 is divided by 35134?
136
Calculate the remainder when 186923 is divided by 1836.
1487
Calculate the remainder when 46231528 is divided by 559.
551
What is the remainder when 49347 is divided by 6?
3
What is the remainder when 2514227 is divided by 229?
36
Calculate the remainder when 39560037 is divided by 134.
21
What is the remainder when 338161 is divided by 57?
37
Calculate the remainder when 176604 is divided by 7920.
2364
What is the remainder when 5259 is divided by 3021?
2238
Calculate the remainder when 319697 is divided by 937.
180
Calculate the remainder when 49825 is divided by 24787.
251
Calculate the remainder when 25296320 is divided by 377.
374
Calculate the remainder when 232485 is divided by 38042.
4233
What is the remainder when 317027967 is divided by 2402?
2399
Calculate the remainder when 45061 is divided by 4502.
41
What is the remainder when 154354866 is divided by 21?
15
Calculate the remainder when 26399274 is divided by 1525.
1524
What is the remainder when 661129 is divided by 4009?
3653
What is the remainder when 275379 is divided by 262?
17
What is the remainder when 4953890 is divided by 800?
290
What is the remainder when 1197611 is divided by 1222?
51
What is the remainder when 971627965 is divided by 243?
241
What is the remainder when 36219 is divided by 807?
711
What is the remainder when 8404635 is divided by 1680895?
160
Calculate the remainder when 340838 is divided by 170274.
290
Calculate the remainder when 1740781 is divided by 217495.
821
Calculate the remainder when 6805099 is divided by 335.
244
Calculate the remainder when 77374 is divided by 5522.
66
What is the remainder when 5319 is divided by 12?
3
What is the remainder when 3815573 is divided by 82924?
1069
Calculate the remainder when 56367 is divided by 79.
40
What is the remainder when 1641272 is divided by 1641256?
16
What is the remainder when 30762071 is divided by 14?
11
What is the remainder when 519050 is divided by 9266?
154
What is the remainder when 89383 is divided by 42908?
3567
Calculate the remainder when 34439063 is divided by 1070.
43
What is the remainder when 213907 is divided by 213590?
317
Calculate the remainder when 2567382 is divided by 17829.
6
Calculate the remainder when 89151950 is divided by 16.
14
What is the remainder when 1169991 is divided by 593?
2
What is the remainder when 5746401 is divided by 302442?
3
What is the remainder when 35900223 is divided by 17?
14
What is the remainder when 3421791 is divided by 37?
31
Calculate the remainder when 257998 is divided by 23453.
15
Calculate the remainder when 1251885 is divided by 8500.
2385
Calculate the remainder when 991498 is divided by 4392.
3298
Calculate the remainder when 139623 is divided by 8683.
695
What is the remainder when 13324078 is divided by 70?
68
What is the remainder when 24493 is divided by 147?
91
What is the remainder when 1312548 is divided by 50?
48
Calculate the remainder when 260643 is divided by 747.
687
What is the remainder when 7545636 is divided by 1509125?
11
Calculate the remainder when 78000 is divided by 7441.
3590
What is the remainder when 62202423 is divided by 84?
3
What is the remainder when 302039 is divided by 37703?
415
Calculate the remainder when 546581 is divided by 6845.
5826
What is the remainder when 527791178 is divided by 6731?
6
Calculate the remainder when 399425 is divided by 43.
41
Calculate the remainder when 139733087 is divided by 139733075.
12
Calculate the remainder when 236710140 is divided by 334.
332
Calculate the remainder when 6155 is divided by 730.
315
Calculate the remainder when 270462 is divided by 27043.
32
Calculate the remainder when 1536164 is divided by 601.
8
Calculate the remainder when 3183307 is divided by 470.
467
What is the remainder when 110394 is divided by 54995?
404
What is the remainder when 354308 is divided by 780?
188
Calculate the remainder when 47494 is divided by 4739.
104
Calculate the remainder when 3437902 is divided by 587.
430
What is the remainder when 15002422 is divided by 750116?
102
Calculate the remainder when 99990 is divided by 2347.
1416
Calculate the remainder when 5644442 is divided by 86.
4
Calculate the remainder when 102745 is divided by 1802.
31
Calculate the remainder when 19887217 is divided by 4971776.
113
Calculate the remainder when 15998009 is divided by 80798.
5
Calculate the remainder when 36970 is divided by 7234.
800
What is the remainder when 283430 is divided by 7458?
26
What is the remainder when 994389 is divided by 2089?
25
Calculate the remainder when 5154692 is divided by 188.
108
What is the remainder when 395850 is divided by 2370?
60
What is the remainder when 276046 is divided by 138022?
2
What is the remainder when 130521504 is divided by 22?
14
What is the remainder when 787099 is divided by 2668?
39
What is the remainder when 39546579 is divided by 3217?
3215
Calculate the remainder when 63670 is divided by 15755.
650
Calculate the remainder when 1203997 is divided by 120397.
27
What is the remainder when 1117195 is divided by 349?
46
Calculate the remainder when 11546648 is divided by 43737.
80
Calculate the remainder when 167161769 is divided by 203.
201
What is the remainder when 232178 is divided by 5807?
5705
What is the remainder when 153543 is divided by 679?
89
Calculate the remainder when 1618556 is divided by 339.
170
Calculate the remainder when 1116968 is divided by 32.
8
Calculate the remainder when 37782799 is divided by 554.
553
What is the remainder when 2710212 is divided by 1038?
1032
Calculate the remainder when 312760 is divided by 2922.
106
What is the remainder when 107124 is divided by 10705?
74
What is the remainder when 7148179 is divided by 257?
238
What is the remainder when 5399721 is divided by 66?
63
What is the remainder when 575164587 is divided by 66?
63
Calculate the remainder when 37796910 is divided by 67.
66
Calculate the remainder when 6775922 is divided by 1446.
1412
Calculate the remainder when 524813 is divided by 363.
278
What is the remainder when 62687 is divided by 1140?
1127
What is the remainder when 2034096